16 - 30). Suppose -4*f = z*j - 800, 5*f - 336 - 652 = j. What is the units digit of f?
8
Let l(g) = -g**3 - 8*g**2 - 3*g - 9. Let s be l(-8). Let c be -6 + (5/(s/12) - 2). What is the tens digit of c + (-150)/(-36) - (-1246)/12?
0
Let n = -5 - 0. Let m(g) be the third derivative of g**6/120 + g**5/10 - g**4/12 - 5*g**3/3 - 335*g**2. What is the tens digit of m(n)?
2
Let z = 103 - 107. Let j be 93/((z - -8)/(4 - 0)). Suppose 2*f + j = 351. What is the units digit of f?
9
Let y = -94 + 102. Let d(l) = 11*l - 26. Let g be d(y). Let p = g - -39. What is the hundreds digit of p?
1
Suppose 24*c = 28*c - 74*c + 399700. What is the tens digit of c?
1
Suppose 5*w = 2*v + 170, -2*v + 425 = -7*v + 2*w. What is the hundreds digit of (-6)/51 + (-130230)/v?
5
Suppose 12*v + 16434 = 3*t + 17*v, -4*v = -2*t + 10978. What is the hundreds digit of t/9 - (-42)/(-189)?
6
Let h(a) = -4*a**2 - 14*a + 54. Let u be h(9). What is the units digit of 1/(-793*2/u - 4)?
8
What is the hundreds digit of (-9)/(-3) + (3 - 12 - 176400/(-10))?
6
Suppose 2087 = 14*i - 1329. Let r = 332 - i. What is the tens digit of r?
8
Let f = 0 + -4. Let n(w) = -w**3 - 3*w**2 + 7*w + 13. Let x be n(f). What is the units digit of 26/(-22) + x + 32704/308?
6
Let z(g) = -g**3 - 29*g**2 + 36*g + 495. What is the hundreds digit of z(-36)?
2
Let y(h) = 52*h**2 - 63*h + 118. What is the hundreds digit of y(-14)?
1
Let m = -29300 - -51667. What is the hundreds digit of m?
3
Let s(i) = 514*i**2 - i - 3. Suppose 2*g = 3*r + 14, 0 = -3*g + 3*r + 1 + 14. What is the tens digit of s(g)?
1
What is the hundreds digit of 2/23 - 474731460/(-13685)?
6
Let y = 154 - 94. Let n = 69 - y. What is the tens digit of (-87*6/27)/((-3)/n)?
5
Let o(z) = 9*z - 68. Suppose 5*k + 8 = 3*p - 56, 12 = 3*k. What is the tens digit of o(p)?
8
Let v(z) = 2*z**2 + 6*z - 3. Suppose 2*r + 3*r + u + 21 = 0, -15 = -r - 5*u. Let b be v(r). Suppose b*y - 1147 = 43. What is the tens digit of y?
7
Let c(g) = 195*g + 349. What is the units digit of c(35)?
4
Let q(r) = -32*r + 2619. What is the hundreds digit of q(-9)?
9
Let n = -11232 - -19306. What is the tens digit of n?
7
Let l = 544 - 541. Suppose -2*f + 3333 = -g, 4*f + 5*g = l*f + 1694. What is the thousands digit of f?
1
Let s = 15 + -12. Suppose -s*r + 8*r + 110 = 0. Let l = r + 37. What is the units digit of l?
5
Suppose -u = 1, 12897 = 2*h - 3*u + 2*u. Suppose -h = 70*d - 52088. What is the tens digit of d?
5
Suppose 533 = 3*p - 5*o, -o = 4 - 0. Suppose 0 = 3*a + 3*m - p, -8*a = -4*a - 2*m - 222. What is the units digit of a?
6
Let y = 13940 - 6685. What is the tens digit of y?
5
Let m be 216/324 - -2*2/(-6). What is the hundreds digit of (4/(-6) - m) + 2283/9?
2
Suppose 0*b - 1 = -2*b - 5*k, -5*k = -2*b - 9. Let p be (-1 + b/4)*(-48)/(-18). What is the hundreds digit of (-2*2/p)/(15/3540)?
2
Suppose v - 8318 = -4*o + 34178, 2*v = 2*o + 84912. What is the tens digit of v?
6
Let a(b) be the second derivative of b**4/12 + 5*b**3/3 + 15*b**2/2 + 55*b. What is the tens digit of a(14)?
5
Let a = -2154 - -1442. Let v = -476 - a. What is the hundreds digit of v?
2
Let g(m) = 4*m - 32. Let r be g(9). Suppose 5*a - 3 = r*a. What is the units digit of 0 - (-2*a)/(6/8)?
8
Suppose 0 = -3*i + 2*s + 44, 96*i - 99*i - 2*s + 52 = 0. Suppose -8206 - 3714 = -i*o. What is the hundreds digit of o?
7
Let g = -131 + 129. Let d be 3 - (2 - 0/g). Let x(v) = 166*v**3 - 2*v**2 + 2*v. What is the units digit of x(d)?
6
Let y = -3126 + 1661. What is the units digit of -8*(0 - y/(-20))?
6
Let j = 268 - 166. Let v = 205 - j. What is the units digit of v?
3
Suppose -5 = -c - m, 5*c - 21 = -0*m - m. Suppose -c*y = -2*a + 1492, a + 8*y = 3*y + 753. What is the hundreds digit of a?
7
Let s(a) = 3*a**3 - 14*a**2 + 12*a - 6. Let f = 71 + -66. What is the units digit of s(f)?
9
Let n(o) = 3845*o + 3846. What is the units digit of n(9)?
1
Let i = 13993 + -8646. What is the tens digit of i?
4
Suppose 19*t + 16 = 21*t. Let x be ((4 - 6)*-2 - t) + 0. Let i(g) = -4*g**3 - 3*g**2 + 3*g - 11. What is the tens digit of i(x)?
8
Let q = 2485 + -2318. Suppose -4*c - 35 = 3*s + 10, -3*c - 2*s - 34 = 0. Let g = c + q. What is the units digit of g?
5
Let r = -190 - -191. What is the units digit of (-442)/(-2) + -1 + r?
1
Let z(m) = 0 + 149*m - 13 - 152*m + 13*m**2. What is the hundreds digit of z(9)?
0
Let s(q) = 41*q**3 - 5*q**3 + q**2 - 7*q - 63 + 68. What is the tens digit of s(2)?
8
Suppose 8 = 2*u, 3*f = f + 4*u + 340. Let r = f + 163. What is the tens digit of r?
4
Let r(t) = -4*t**3 - 24*t**2 - 446*t - 42. What is the ten thousands digit of r(-25)?
5
Let m(y) = -3*y + 5. Let o be m(2). Let z be (o + -62)*(-187)/33. Suppose -5*u - b = -z, u = 4*b - 3 + 66. What is the units digit of u?
1
Let n(o) = -12*o + 8. Let z(f) = 11*f - 7. Let c(b) = 6*n(b) + 7*z(b). Let x be c(1). Suppose 6 = -4*i + 5*i - x*t, -4*t = -4. What is the units digit of i?
0
Suppose -5*m - 2885 = -5*g, 7*g - 5*g - 1157 = m. Let q = 1446 - g. What is the units digit of q?
6
Suppose -20*t + 4*u - 7755 = -25*t, -t = -3*u - 1551. What is the thousands digit of t?
1
Let i(p) = 211*p**2 + 75*p + 244. What is the units digit of i(19)?
0
Let l(y) = -9*y + 13. Let j be l(-2). What is the units digit of (j/(-3))/((-9)/108)?
4
Let f = 22986 + 1174. What is the hundreds digit of f?
1
Let l(n) = -750*n + 1876. What is the hundreds digit of l(2)?
3
Suppose 5*f = -15, 2*f = -2*r + 3*f + 11. Suppose -2*j = r*b - 13 - 83, b = 5*j - 229. What is the tens digit of j?
4
What is the ten thousands digit of ((2504796/5)/21)/((32/(-20))/(-4))?
5
Suppose 111903 = 25*f - 70272. What is the tens digit of f?
8
Suppose 2*t - 215810 = -5*y, -26*t = y - 29*t - 43162. What is the ten thousands digit of y?
4
Suppose 33*k - 121 = 22*k. Suppose k*x - 2322 - 989 = 0. What is the units digit of x?
1
Let c be (-8)/(-16)*(1 - (-2)/(-2)). Suppose -4*x = -c*w + 4*w - 4, -5*w - 5 = 0. Suppose -x*f + 34 = -f - 2*s, -3*s = -5*f + 156. What is the units digit of f?
0
Let w = -5099 + 14289. What is the units digit of w?
0
Let r be ((-4 + 2)*-1)/2. Let a be 132/(-11)*(0 + (-1)/r). Suppose 573 + 879 = a*s. What is the tens digit of s?
2
Let v be (-1 - 1) + (-128976)/48. Let r = 4022 + v. What is the hundreds digit of r?
3
Suppose 27*f - 31*f - 17925 = -5*x, 0 = -3*f + 15. What is the units digit of x?
9
Let i(b) = 6*b**2 + 3*b - 3. Let j(p) = 2*p - 4. Let c be j(7). Suppose -26 = -c*a - 66. What is the tens digit of i(a)?
8
Let h(t) = -7*t**3 + 33*t**2 - 35*t - 18. Let j(i) = -13*i**3 + 64*i**2 - 69*i - 37. Let c(g) = -11*h(g) + 6*j(g). What is the tens digit of c(18)?
2
Suppose 3*d - 60*t + 57*t - 79503 = 0, 28 = -4*t. What is the hundreds digit of d?
4
Suppose 581 = 13*q + 204. Suppose -q*r = -25*r - 1996. What is the tens digit of r?
9
Let w(r) = -r**2 + 4. Let g be w(4). Let q = g - -18. Suppose -q*h + 3*h = -18. What is the units digit of h?
6
Let d be -2*(3/2 - (10 + -9)). Let t be 1086/(-9)*((-14)/2 - d). Suppose -20*u = -24*u + t. What is the hundreds digit of u?
1
Let w = -368 - -380. What is the tens digit of 24/(w/(-90)*-5)?
3
Suppose 0*u - u = 4. Let y = -21 + u. Let q = 172 + y. What is the hundreds digit of q?
1
Suppose 10560 = -3*h - r, 2519 = -h + 2*r - 994. What is the units digit of (6 + h/6)*(-16)/12?
4
Let i = 534 + -531. Suppose -m + 795 = -i*k, m + k = 1199 - 384. What is the hundreds digit of m?
8
Let n = 152050 + -102915. What is the thousands digit of n?
9
Let v be ((-288)/14)/((-6)/63 - 0). Let l = v - 22. What is the hundreds digit of l?
1
Let c = 8830 + -6239. What is the units digit of c?
1
Let c(n) = 8*n + 9*n**3 - 10*n**3 - 3*n**2 - 4 - 26. Let x = 103 - 110. What is the tens digit of c(x)?
1
Let q = -14881 - -27929. What is the units digit of q?
8
Suppose 5228 = 3*x + 165*k - 161*k, -x - k + 1741 = 0. What is the tens digit of x?
3
Let y(a) = -a**3 - 5*a**2 + 32*a + 2. Let u = -29 - -18. What is the tens digit of y(u)?
7
What is the units digit of -15 - (9 + -7)*-456?
7
Suppose g + 58794 = 5*f, -33*g = 5*f - 38*g - 58810. What is the ten thousands digit of f?
1
Suppose 317 = -4*b - 791. Let f = b + 614. What is the tens digit of f?
3
Suppose 0 = 5*p + f - 46, -8 = -39*p + 37*p - 3*f. What is the tens digit of (4 - p) + (1036 - -2)?
3
Suppose -30*v + 1968 = -38*v. Le